(4)?
4
Let y(c) = -1811*c**3 - 8*c**2 + 7*c + 10. Give y(-1).
1806
Let u(l) = -2*l**3 - 24*l**2 + 35*l + 667. What is u(-12)?
247
Let l(r) = 283*r - 5191. Determine l(18).
-97
Let s(v) = 7862*v**2 - 7916*v + 4. Determine s(1).
-50
Let a(i) = -3*i**3 + 61*i**2 + 74*i - 16. Give a(22).
-808
Let w(v) = -v**2 - 202*v - 12617. Determine w(-67).
-3572
Let h(z) = -785*z**2 - 11773*z - 12. Determine h(-15).
-42
Let i(k) = -2*k**3 + 74*k**2 + 252*k - 302. Determine i(40).
178
Let u(r) = r**3 - 244*r**2 - 40811*r - 335. Calculate u(358).
23
Let k(n) = 36*n**3 - 11*n**2 + 686*n + 696. Calculate k(-1).
-37
Let n(u) = -129360*u + 646796. Give n(5).
-4
Let w(m) = -m**2 - 225*m + 38430. Determine w(110).
1580
Let p(o) = 11892*o - 154719. Calculate p(13).
-123
Let v(m) = -3*m**3 - 376*m**2 + 266*m + 1771. Calculate v(-126).
7
Let s(o) = o**3 - 103*o**2 - 156*o - 5717. Calculate s(105).
-47
Let a(g) = 2*g**3 - 54*g**2 - 156*g - 717. Calculate a(30).
3
Let q(v) = 39*v**2 - 2827*v + 1347. Calculate q(72).
-21
Let c(v) = -1482*v + 10331. Give c(7).
-43
Let x(o) = -243*o + 64967. Determine x(267).
86
Let v(o) = 48*o**2 + 22*o - 345. Determine v(3).
153
Let i(x) = 71931*x - 1007058. Calculate i(14).
-24
Let h(u) = 1905*u - 436437. Calculate h(229).
-192
Let m(g) = -3*g**3 + 65*g**2 + 1818*g + 200. Give m(-16).
40
Let n(w) = 9*w + 1738. What is n(20)?
1918
Let m(j) = -17586*j + 298960. What is m(17)?
-2
Let v(m) = -m**3 - 65*m**2 - 595*m + 11. Determine v(-11).
22
Let n(k) = -223*k + 164. Calculate n(-1).
387
Let c(u) = -12*u**3 - 300*u**2 - 3*u + 76. Give c(-25).
151
Let z(n) = -2*n**3 + 123*n**2 + 228*n - 17334. Calculate z(61).
295
Let m(f) = -214*f**2 - 41*f - 29. What is m(3)?
-2078
Let l(c) = 2*c**2 - 349*c - 263. Calculate l(176).
265
Let x(r) = -4751*r + 14270. What is x(3)?
17
Let a(s) = -3*s**3 - 2023*s**2 - 661*s + 8797. Determine a(-674).
35
Let v(d) = -2*d**2 - 213*d + 17533. Give v(-161).
-16
Let y(l) = -l**3 - 19*l**2 - 57*l + 21. What is y(-18)?
723
Let a(s) = 1401*s + 288578. Determine a(-206).
-28
Let y(x) = -458*x + 37460. Give y(82).
-96
Let u(d) = -10*d**2 + 26*d + 30. Give u(-4).
-234
Let k(v) = -v**2 + 1041*v - 135020. What is k(152)?
108
Let l(b) = -b**3 + 78*b**2 + 141*b + 491. Determine l(80).
-1029
Let l(r) = -r**3 - 16*r**2 - 1326*r - 22665. What is l(-17)?
166
Let w(p) = 1951*p + 403859. Calculate w(-207).
2
Let d(y) = -25*y**2 + 979*y + 867. Determine d(40).
27
Let y(a) = -51*a**3 - 5*a**2 + 19*a - 5. Determine y(3).
-1370
Let w(c) = -2320*c - 18533. Calculate w(-8).
27
Let m(k) = -116*k**3 + 77*k**2 + 2*k + 10. Calculate m(3).
-2423
Let a(x) = -4797*x - 38361. Determine a(-8).
15
Let z(t) = 69*t**2 - 5*t - 18. Give z(-2).
268
Let b(o) = 988*o + 326837. Determine b(-331).
-191
Let d(b) = 1862*b - 1163734. What is d(625)?
16
Let u(z) = -1507980*z - 49763339. Determine u(-33).
1
Let v(b) = -1087*b + 32723. What is v(30)?
113
Let m(x) = -941*x + 6709. Give m(6).
1063
Let j(f) = 7*f**3 - 209*f**2 - 1399*f - 16682. Determine j(37).
5
Let g(h) = 4*h**3 + 1000*h**2 - 34*h - 8516. What is g(-250)?
-16
Let r(c) = -2660886*c + 18626206. Determine r(7).
4
Let g(h) = -1905*h - 281826. Determine g(-148).
114
Let n(r) = -r**3 - 616*r**2 - 3523*r - 1032293. Give n(-613).
-1
Let v(p) = p**3 - 72*p**2 - 11974*p - 3535. Give v(-79).
20
Let a(n) = -n**3 + 96*n**2 - 2575*n + 224366. What is a(94)?
-12
Let c(o) = 4479*o - 4487. Give c(1).
-8
Let n(b) = -b**3 + 89*b**2 - 365*b - 3606. What is n(84)?
1014
Let t(a) = 2523*a + 116006. Give t(-46).
-52
Let a(h) = 67577*h + 67575. Give a(-1).
-2
Let a(t) = -t**2 + 79736*t - 7724976. Give a(97).
7
Let x(z) = 3190*z + 4242701. Give x(-1330).
1
Let i(n) = -4*n**2 + 8*n + 110. Give i(-6).
-82
Let v(m) = 69*m**2 - 1165*m - 1394. What is v(18)?
-8
Let t(w) = -3903*w - 50737. Give t(-13).
2
Let d(w) = -11100*w + 166528. Calculate d(15).
28
Let u(z) = -z**3 - 294*z**2 - 889*z - 50. Calculate u(-3).
-2
Let g(j) = 3*j**3 - 622*j**2 - 1143*j + 20509. Determine g(209).
27
Let v(h) = 142*h + 1055. Give v(-9).
-223
Let r(w) = 572*w + 42308. Determine r(-74).
-20
Let f(l) = -224*l**2 + 3768*l + 182. Give f(17).
-498
Let h(x) = -223954*x + 223963. Give h(1).
9
Let l(p) = 49804*p + 149402. Calculate l(-3).
-10
Let p(s) = -5*s**2 - 322*s - 644. Give p(-57).
1465
Let b(m) = 19399*m + 465582. Determine b(-24).
6
Let a(w) = 6*w**3 + 44*w - 62. Give a(4).
498
Let g(m) = -222*m + 5077. Calculate g(25).
-473
Let i(q) = -1992*q - 15389. Determine i(-8).
547
Let x(r) = -r**3 + 48*r**2 + 208*r - 27. Determine x(52).
-27
Let n(b) = -4310*b - 478409. What is n(-111)?
1
Let h(f) = -9102*f - 45507. Give h(-5).
3
Let x(c) = 30*c - 247. Determine x(0).
-247
Let p(q) = 2*q**3 + 720*q**2 - 5931*q - 15834. Calculate p(-368).
-10
Let f(h) = 14254*h - 156882. Calculate f(11).
-88
Let o(k) = 429*k + 33569. Calculate o(-77).
536
Let u(f) = f**3 + 71*f**2 - 1233*f - 100581. Calculate u(-67).
-14
Let t(c) = -1077*c - 8679. What is t(-8)?
-63
Let z(q) = -1045783*q - 7320502. Give z(-7).
-21
Let v(n) = -n**2 + 83*n + 24644. What is v(204)?
-40
Let l(o) = -1923285*o + 23079427. What is l(12)?
7
Let s(j) = 12*j - 2419. Determine s(194).
-91
Let v(z) = 346238*z - 346238. Calculate v(1).
0
Let y(v) = -20*v**2 + 280*v - 1563. Determine y(6).
-603
Let m(i) = i**2 + 307*i - 5319. What is m(19)?
875
Let x(c) = 36615*c - 60. Calculate x(0).
-60
Let u(t) = 310*t - 13639. What is u(44)?
1
Let a(v) = -1655*v - 107591. Calculate a(-65).
-16
Let t(q) = 2*q**3 + 14*q**2 - 49*q + 13. What is t(-13)?
-1378
Let x(z) = z**3 - 32*z**2 - 150*z + 231. What is x(36)?
15
Let o(y) = y**3 - 468*y**2 + 9870*y - 1272. Calculate o(22).
4
Let j(r) = -2*r**2 + 2108*r - 321500. Calculate j(869).
30
Let y(p) = 2584*p - 10353. Calculate y(4).
-17
Let b(m) = -7*m**3 + 280*m**2 + 24*m + 312. Calculate b(40).
1272
Let u(r) = 817*r**2 + 40037*r - 241. Calculate u(-49).
-437
Let j(q) = -2*q**3 - 15*q**2 + 5*q - 500. What is j(-10)?
-50
Let q(j) = 3*j**2 - 1027*j - 7297. Determine q(-7).
39
Let k(v) = -6046*v - 41944. Calculate k(-7).
378
Let a(v) = -6*v**3 - 1632*v**2 - 1504*v + 33056. Calculate a(-271).
-6
Let r(h) = 4*h**2 - 418*h - 374. What is r(107)?
696
Let a(y) = 32*y**3 + 191*y**2 - 612*y - 3643. Determine a(-6).
-7
Let f(d) = -912746*d - 2738267. Calculate f(-3).
-29
Let w(g) = -1640*g - 87578. What is w(-54)?
982
Let k(u) = -u**2 - 54*u - 903. Give k(-24).
-183
Let v(y) = -12*y**3 - 3*y**2 + 1237*y + 669. Give v(-10).
-1
Let o(h) = -h**3 + 23*h**2 - 195*h + 5258. Determine o(24).
2
Let t(p) = 24*p**3 - 10177*p**2 + 419*p + 1979. Determine t(424).
-141
Let p(k) = -155*k**2 + 4043*k - 453. Determine p(26).
-115
Let x(d) = -d**3 - 2*d**2 - 43*d + 297. Determine x(4).
29
Let v(z) = 3221064*z + 16105316. What is v(-5)?
-4
Let s(j) = -89*j**2 + 106*j + 169. Calculate s(-3).
-950
Let s(d) = -2*d**3 + d**2 - 7298*d + 7298. Calculate s(1).
-1
Let v(r) = -2275*r + 18145. Calculate v(8).
-55
Let b(r) = -r**2 + 94*r - 2398. Give b(58).
-310
Let i(j) = -2*j**2 + 12411*j + 37204. Determine i(-3).
-47
Let i(k) = k**2 - 2034*k + 32308. What is i(16)?
20
Let d(i) = 12*i**3 - i**2 + 493*i + 1502. Calculate d(-3).
-310
Let g(i) = -2*i**2 + 23332*i - 1184716. What is g(51)?
14
Let z(h) = -h**3 + 25*h**2 - 276*h + 11374. Give z(29).
6
Let n(c) = -1245*c + 10121. Calculate n(8).
161
Let q(a) = -2*a**2 + 67*a + 13. Give q(26).
403
Let z(d) = 10*d**3 + 2*d**2 - 8*d - 6. Determine z(-2).
-62
Let x(o) = -2*o**3 - 44*o**2 - 171*o - 57. Give x(-19).
1026
Let p(x) = -10*x**2 - 198*x + 122. Determine p(-11).
1090
Let k(l) = -5006*l + 85167. Calculate k(17).
65
Let z(i) = 2*i**3 + 45*i**2 - 802*i - 59. Calculate z(-35).
-2614
Let h(l) = -4*l**2 - 535*l + 29453. Calculate h(42).
-73
Let x(s) = -s**2 - 29307*s - 1229150. Give x(-42).
-20
Let y(t) = t**3 - 60*t**2 - 617*t - 24234. Determine y(73).
2
Let o(g) = -103*g - 4456. Calculate o(-42).
-130
Let a(k) = -44*k**2 - 29773*k + 40000. Determine a(-678).
-2
Let f(p) = -p**2 - 3392*p - 1780189. Give f(-649).
18
Let n(s) = 5*s**2 - 2839*s - 80929. Give n(595).
-9
Let c(n) = 22*n**2 + 133*n - 1507. Determine c(-9).
-922
Let l(b) = -10*b**2 + 1320*b + 2431. Calculate l(134).
-249
Let b(f) = -10*f**3 + 5*f**2 - 4*f + 1502. Calculate b(0).
1502
Let w(v) = 4*v**2 + 116*